actors of 122627?
149, 823
What are the prime factors of 224773?
53, 4241
What are the prime factors of 6539807?
6539807
What are the prime factors of 169362?
2, 3, 97
What are the prime factors of 82802?
2, 19, 2179
List the prime factors of 833326.
2, 13, 32051
List the prime factors of 398370.
2, 3, 5, 7, 271
List the prime factors of 1266384.
2, 3, 7, 3769
What are the prime factors of 844749?
3, 10429
What are the prime factors of 365758?
2, 43, 4253
List the prime factors of 192131.
229, 839
What are the prime factors of 2481068?
2, 59, 10513
What are the prime factors of 7627911?
3, 19, 163, 821
List the prime factors of 3770019.
3, 11, 113, 337
What are the prime factors of 782584?
2, 11, 8893
List the prime factors of 16456306.
2, 17, 521, 929
List the prime factors of 142844.
2, 13, 41, 67
List the prime factors of 1419295.
5, 283859
What are the prime factors of 614356?
2, 153589
What are the prime factors of 7280143?
13, 103, 5437
What are the prime factors of 287176?
2, 35897
What are the prime factors of 329491?
167, 1973
What are the prime factors of 226897?
11, 20627
What are the prime factors of 510546?
2, 3, 85091
List the prime factors of 2135963.
653, 3271
What are the prime factors of 25069?
11, 43, 53
List the prime factors of 540375.
3, 5, 11, 131
What are the prime factors of 4507?
4507
What are the prime factors of 433138?
2, 216569
What are the prime factors of 210831?
3, 31, 2267
List the prime factors of 249576.
2, 3, 10399
List the prime factors of 34472.
2, 31, 139
List the prime factors of 3222510.
2, 3, 5, 163, 659
List the prime factors of 8492130.
2, 3, 5, 157, 601
What are the prime factors of 342435?
3, 5, 37, 617
What are the prime factors of 7071199?
7071199
List the prime factors of 1596456.
2, 3, 19, 389
List the prime factors of 17123.
17123
What are the prime factors of 86642?
2, 43321
List the prime factors of 1056578.
2, 528289
List the prime factors of 298955.
5, 59791
List the prime factors of 455004.
2, 3, 11, 383
List the prime factors of 527584.
2, 16487
What are the prime factors of 5058339?
3, 11, 13, 907
What are the prime factors of 23824752?
2, 3, 7, 17, 43, 97
What are the prime factors of 195223?
7, 167
List the prime factors of 4523011.
4523011
What are the prime factors of 21298?
2, 23, 463
What are the prime factors of 16917969?
3, 67, 73, 1153
List the prime factors of 283307.
491, 577
List the prime factors of 6926384.
2, 193, 2243
List the prime factors of 7593045.
3, 5, 53, 9551
What are the prime factors of 730871?
23, 43, 739
What are the prime factors of 13729887?
3, 223, 6841
What are the prime factors of 2184230?
2, 5, 218423
What are the prime factors of 4135770?
2, 3, 5, 45953
List the prime factors of 1056858.
2, 3, 11, 67, 239
What are the prime factors of 86214?
2, 3, 14369
List the prime factors of 4362692.
2, 31, 151, 233
List the prime factors of 2976715.
5, 7, 85049
What are the prime factors of 2579876?
2, 13, 49613
What are the prime factors of 165326?
2, 7, 241
List the prime factors of 1036118.
2, 518059
What are the prime factors of 939680?
2, 5, 7, 839
List the prime factors of 63210.
2, 3, 5, 7, 43
What are the prime factors of 5523940?
2, 5, 179, 1543
What are the prime factors of 299216?
2, 18701
List the prime factors of 440556.
2, 3, 36713
List the prime factors of 2676225.
3, 5, 17, 2099
List the prime factors of 1055543.
1055543
What are the prime factors of 59307?
3, 53, 373
What are the prime factors of 27104089?
19, 223, 6397
List the prime factors of 5823820.
2, 5, 291191
List the prime factors of 282570.
2, 3, 5, 9419
List the prime factors of 2873284.
2, 718321
What are the prime factors of 3553423?
3553423
What are the prime factors of 1183665?
3, 5, 7, 11273
List the prime factors of 22173115.
5, 1951, 2273
List the prime factors of 11629831.
11629831
What are the prime factors of 8869790?
2, 5, 886979
What are the prime factors of 1214314?
2, 607157
List the prime factors of 1305716.
2, 197, 1657
What are the prime factors of 1322430?
2, 3, 5, 17, 2593
What are the prime factors of 807587?
11, 73417
What are the prime factors of 223377?
3, 7, 11, 967
List the prime factors of 1251720.
2, 3, 5, 19, 61
What are the prime factors of 4100776?
2, 512597
What are the prime factors of 10192804?
2, 29, 87869
What are the prime factors of 1597987?
29, 55103
What are the prime factors of 998090?
2, 5, 99809
What are the prime factors of 22574992?
2, 11, 29, 4423
What are the prime factors of 400794?
2, 3, 67, 997
List the prime factors of 4632.
2, 3, 193
What are the prime factors of 6605957?
181, 36497
What are the prime factors of 1189040?
2, 5, 89, 167
What are the prime factors of 39839?
39839
What are the prime factors of 680775?
3, 5, 29, 313
List the prime factors of 638630.
2, 5, 63863
List the prime factors of 102994.
2, 23, 2239
List the prime factors of 7495118.
2, 31, 120889
What are the prime factors of 1328547?
3, 11, 127, 317
What are the prime factors of 7248330?
2, 3, 5, 80537
What are the prime factors of 7900537?
61, 129517
What are the prime factors of 183558?
2, 3, 30593
List the prime factors of 5178189.
3, 43, 137, 293
What are the prime factors of 183867?
3, 167, 367
List the prime factors of 24616484.
2, 1913, 3217
What are the prime factors of 3611632?
2, 53, 4259
List the prime factors of 1758785.
5, 7, 31, 1621
What are the prime factors of 6185643?
3, 23, 157, 571
What are the prime factors of 7900021?
53, 149057
List the prime factors of 222636.
2, 3, 18553
What are the prime factors of 1570620?
2, 3, 5, 26177
List the prime factors of 281548.
2, 59, 1193
What are the prime factors of 639756?
2, 3, 13, 1367
List the prime factors of 2390102.
2, 11, 13, 61, 137
List the prime factors of 4516973.
4516973
What are the prime factors of 1816725?
3, 5, 24223
List the prime factors of 242176.
2, 11, 43
List the prime factors of 1413686.
2, 17, 41579
List the prime factors of 4661028.
2, 3, 43, 3011
What are the prime factors of 171131?
171131
List the prime factors of 3969630.
2, 3, 5, 7, 6301
What are the prime factors of 387448?
2, 19, 2549
List the prime factors of 111155.
5, 11, 43, 47
What are the prime factors of 4634629?
1657, 2797
List the prime factors of 5468725.
5, 218749
List the prime factors of 18585089.
31, 599519
List the prime factors of 334120.
2, 5, 8353
What are the prime factors of 547172?
2, 29, 53, 89
What are the prime factors of 70196?
2, 7, 23, 109
List the prime factors of 1083874.
2, 11, 19, 2593
List the prime factors of 459688.
2, 37, 1553
List the prime factors of 724348.
2, 181087
List the prime factors of 267071.
7, 38153
List the prime factors of 5064253.
31, 163363
List the prime factors of 9612524.
2, 2403131
What are the prime factors of 1854935?
5, 349, 1063
List the prime factors of 218311.
43, 5077
What are the prime factors of 5643992?
2, 705499
What are the prime factors of 3673471?
37, 101, 983
What are the prime factors of 940707?
3, 34841
What are the prime factors of 3011781?
3, 23, 43649
What are the prime factors of 817379?
817379
What are the prime factors of 257357?
41, 6277
List the prime factors of 2438695.
5, 7, 69677
What are the prime factors of 1511665?
5, 43, 79, 89
What are the prime factors of 467374?
2, 233687
What are the prime factors of 1327319?
7, 189617
List the prime factors of 263538.
2, 3, 11
List the prime factors of 847295.
5, 97, 1747
What are the prime factors of 485509?
485509
List the prime factors of 652417.
652417
What are the prime factors of 7988299?
11, 107, 617
List the prime factors of 4782484.
2, 7, 109, 1567
List the prime factors of 46190.
2, 5, 31, 149
What are the prime factors of 913848?
2, 3, 13, 29, 101
List the prime factors of 26839206.
2, 3, 23, 241, 269
What are the prime factors of 353559?
3, 67, 1759
List the prime factors of 6727425.
3, 5, 19, 4721
What are the prime factors of 15870139?
43, 149, 2477
List the prime factors of 225401.
11, 31, 661
What are the prime factors of 3173213?
131, 24223
What are the prime factors of 1440950?
2, 5, 7, 23, 179
List the prime factors of 25929.
3, 43, 67
List the prime factors of 6833736.
2, 3, 7, 13, 149
What are the prime factors of 18447?
3, 11, 13, 43
List the prime factors of 584913.
3, 7, 2